
-10
Suppose 7*r - 3*r + 4*v = -32, 0 = 2*r - 2*v. Let d(m) = 383 - 128 - 5*m - 134 - 127. Calculate d(r).
14
Let l(i) = 37*i**3 + 12*i**2 + 15*i - 5. Let d(y) = -17*y**3 - 5*y**2 - 7*y + 2. Let w(f) = 13*d(f) + 6*l(f). Give w(-7).
3
Let c = -104 - -155. Let f = -45 + c. Let p(x) be the second derivative of -x**3/6 + 4*x**2 - x. Determine p(f).
2
Let g(z) = 43*z - 768. Let w be g(18). Let r(v) = 2 + 2 - 9*v**2 - 4*v + v**3 + 3*v**2. Calculate r(w).
-20
Let s = -10 - -12. Let m(w) = 5*w - 15 + 0*w - 5*w + s*w. Let v(o) = o - 5. Let j(i) = 2*m(i) - 7*v(i). Give j(4).
-7
Let w(r) = -59*r - 4. Let c(i) = -108*i - 9. Let z(d) = -6*c(d) + 11*w(d). Calculate z(-13).
23
Let c = 30 - 23. Let l(f) = 2*f**2 + 12*f - c*f - 4*f - 3*f**2 - 1. Let g(x) = -x + 1. Let o be g(4). Give l(o).
-13
Let m be (7 - 5) + (-1)/(-1). Let q(j) = -9*j + 1. Let h = -11 + 9. Let g(a) = -10*a. Let c(r) = h*g(r) + 3*q(r). Calculate c(m).
-18
Let f(u) = 1 - 88*u + 191*u - 89*u + u**2 - 4. Determine f(-13).
-16
Let f be 1*(0 - (4 - 3)). Let h(t) = t**3 + t**2 + 4*t + 3. Let k(w) = -2*w**3 - 2*w**2 - 9*w - 7. Let r(p) = 5*h(p) + 2*k(p). Determine r(f).
-1
Let a(v) = -198 + v**3 + 3*v + 98 + 5*v**2 + 100. Suppose 3*k - 4 = -k. Let q(m) = -4*m. Let x be q(k). Give a(x).
4
Let f(z) = -6*z**2 - 9*z - 1. Let h be f(-5). Let c = h - -101. Let j(g) = 4*g - 7. Let b(v) = -3*v + 6. Let d(l) = 5*b(l) + 4*j(l). Give d(c).
-3
Let i(u) = u**3 - u + 6. Let t be ((-182)/(-35))/((-2)/(-10)). Let v = -26 + t. Determine i(v).
6
Let f(n) = -5*n**2 - 9*n + 22. Let z(k) = -2*k**2 + 6. Let d(q) = -f(q) + 3*z(q). Let s be (-4)/8 - (-26)/4. Determine d(s).
14
Let l(k) = 4*k - 12. Let x be l(5). Let d be -1*4*x/(-8). Let w(s) = s**3 - 3*s**2 - 6*s + 6. Calculate w(d).
-2
Let r(x) be the second derivative of 1/12*x**4 - 6*x + 0 + 0*x**2 + 1/3*x**3. Give r(-2).
0
Suppose 2*p - 2 = -5*i - 4, 18 = 3*p - 3*i. Let k(y) = 21*y - p*y - 19*y - 9. Give k(-6).
3
Let n(s) = -18 - 3 - s + 28. Calculate n(5).
2
Let l(r) = -42 + 3*r + 40 - 4*r. Suppose 3*n = q + 6, 0 = -n + 3*q - 2*q. Suppose -2*j - n*t = 27, 3*j - 6*j + 3*t = 3. What is l(j)?
4
Let s(v) = 2*v + 10. Let b(x) = -x - 5. Let a be (-224)/36 + (-8)/(-36). Suppose 5*d - 10*d = 55. Let n(w) = a*s(w) + d*b(w). What is n(-4)?
-1
Let v(n) = -2*n - 12*n**3 + 1 - 2*n**2 + 2*n. Let o(c) = 28*c - 531. Let l be o(19). What is v(l)?
-13
Let v(t) be the third derivative of -t**5/60 + t**4/12 - t**3/6 + 8*t**2. Let k(j) = j**3 + j. Let g be k(0). Suppose g = -5*b + 10 - 0. What is v(b)?
-1
Let c(n) = -4*n + 2. Let q(h) = 4*h - 7. Let l(p) = -2*c(p) - q(p). Determine l(3).
15
Let p(r) = r**3 + 4*r - 3*r**2 - 3*r + 2*r. Suppose 0 = 3*a + 2*a - 50. Suppose -5*z = -a*z - 5*o + 20, 0 = -4*z + 4*o. What is p(z)?
2
Let n = -15 + 8. Let f = 9 + n. Suppose -3*t = f*t - 5. Let s(m) = 10*m**2. Give s(t).
10
Let u = -109 - -57. Let d = u - -46. Let j(y) = y - 2. Calculate j(d).
-8
Let p(r) = r**3 + 3*r**2 - r - 2. Let b(w) = w + 10. Let h be b(-5). Suppose -5*l - 3*v + 19 + 13 = 0, -v + 34 = h*l. Suppose s + l = 4. What is p(s)?
1
Let k(n) = -n**2 + n - 12. Let r be 4 + -1 + -1 + 3. Suppose -r*y = y. Calculate k(y).
-12
Let h(s) = 17*s**3 + 2*s**2 + s - 10. Let n(r) = -20*r**3 - 2*r**2 - r + 11. Let w(u) = -7*h(u) - 6*n(u). What is w(2)?
2
Let u(z) be the third derivative of -z**6/120 + z**5/20 + 5*z**4/24 - z**3/2 + 5*z**2. Let i = -1 + 3. Suppose 2*v + i*r - 8 = 0, 0 - 8 = -2*v - r. Give u(v).
1
Let y(k) = k + 5. Let l be y(-4). Suppose -5*o + 43 - 14 = h, 0 = -5*o + 3*h + 13. Let r(s) = 218 - o*s - 218. Calculate r(l).
-5
Let t(j) = 12*j - 1 - 11*j - j**3 + 0. Let s(c) = 3*c**3 - 2*c**2 + c. Suppose 0 = 6*x - x - 5. Let w(p) = x*t(p) + s(p). What is w(1)?
1
Suppose 3*s - k = -73 + 88, -2*s = -3*k - 3. Let m = -7 - -11. Let r(l) = -m*l**2 + 5*l**2 - 5 + 3*l**2 - s*l - 3*l**2. Give r(5).
-10
Let f(q) = 6. Let j(r) = -r - 11. Let p(v) = -7*f(v) - 4*j(v). Let b be -5 + (-15)/2*2. Let z be (-5)/1 + b + 20. Calculate p(z).
-18
Let f(w) = w**2 - w + 33. Suppose -11*t + 7*t = 0. Let z be f(t). Let h = 30 - z. Let g(p) = -p**3 - 3*p**2 - 3*p - 1. What is g(h)?
8
Let s(j) = 5*j**2 + 4*j - 3. Suppose -i + 20 = 9*i. Determine s(i).
25
Suppose -4*b = 4*u - 19 + 7, 2*b - 5 = -3*u. Let t(x) = 3*x - x**2 + 3*x - b*x + 4. Determine t(4).
-4
Let w(n) = n + 1. Let i(a) = -a**3 + 5*a**2 + 14*a. Let j = 15 + -8. Let u be i(j). Determine w(u).
1
Let w(v) = -v**2 - 7*v**3 - 5*v + v**2 - 9*v**2 + 4*v**2 - 9. Let f(p) = -3*p**3 - 3*p**2 - 2*p - 4. Let l(s) = 5*f(s) - 2*w(s). What is l(-5)?
-2
Let q(f) = f + 9. Let l be 6 + (-22 + 0 - (-21 - -23)). Give q(l).
-9
Let u(l) = -l - 6. Let o be u(-6). Suppose -5*n + 5*h + 0 - 10 = 0, o = 4*n + 4*h. Let j = n + 4. Let m(f) = f**2 - 3*f + 2. Give m(j).
2
Let h(o) = o + 1. Let b(x) = -4*x + 2. Let y(g) = b(g) - 3*h(g). Let r(s) = -s**3 + 7*s**2 + 15*s + 26. Let i be r(9). Determine y(i).
6
Let l(b) = b**2 + 4. Let q = 135 + -131. Calculate l(q).
20
Let m(n) = -2*n**3 + 2*n**2 + 2*n + 1. Let t(j) = -2*j + 26. Let d be t(11). Suppose -2*b - 3*o + 4*o - d = 0, -o = b - 1. What is m(b)?
3
Let c(v) = 2*v**2 + 1125*v + 12 + 6 - 1141*v. Let l be c(6). Let h(z) = -z**2 - 7*z + 5. Calculate h(l).
11
Suppose 0 = -2*k - 77 + 89. Let y(r) = r**3 - 7*r**2 + 6*r - 3. Give y(k).
-3
Let w(j) = -j + 10. Let l(t) = -t**2 + 24*t - 85. Let n(q) = -l(q) - 6*w(q). Determine n(16).
-7
Let w(f) be the second derivative of -f**5/20 - 7*f**4/12 + 5*f**3/3 - 3*f**2 + 2*f - 2. What is w(-8)?
-22
Let h(r) = 19*r**2 - 21*r**2 - 8*r + r**2 + 3. What is h(-6)?
15
Let o(h) be the third derivative of h**5/60 + 11*h**4/24 + 5*h**3/3 + 4*h**2 - 10*h. What is o(-10)?
0
Let v(s) = 1. Suppose 5 = -6*j + j. Let q(w) = -19*w**2 + w - 3. Let l(a) = j*q(a) - 3*v(a). Give l(-1).
20
Let d(m) = m**3 - 9*m**2 + 18*m - 21. Let j be d(7). Let h(v) = -v**3 + 7*v**2 - v + 4. Give h(j).
-3
Let i = 3 + -2. Let o(l) = -l**3 + 8*l**2 - 12*l + 2. Let s be o(6). Let g(j) = -139*j**3 + 1 + 59*j**3 - j**s + 67*j**3. Give g(i).
-13
Let x(a) = -36242*a + 10 + a**2 + 36256*a + 17. Give x(-11).
-6
Let g(t) be the third derivative of -3*t**5/20 + t**4/12 + t**3/6 + 4*t**2 + 28. Determine g(-1).
-10
Let q(w) be the first derivative of -5*w**2/2 + 2*w - 1. Let c(z) = 2*z - 5 - 6 - 15. Let g be c(12). Calculate q(g).
12
Let w be 1/(-3*(-4)/72). Suppose u = -3*q + 4, 2*q + w = 6*q + u. Let c(o) = -3 - 2*o + 2*o + 0 + q*o + o**2. Give c(2).
5
Let s(x) = 8*x**2 - 8 - 1016*x + 1009*x - 4*x**3 + 3*x**3. What is s(6)?
22
Let v = -456 + 458. Let d(q) be the first derivative of -5/2*q**v + 2/3*q**3 + 1/4*q**4 - 3*q + 6. What is d(-3)?
3
Let n(a) be the first derivative of 46*a**3/3 + a - 433. What is n(-1)?
47
Suppose 0 = 31*p - 30*p - 6. Let b(v) = v**2 - 5*v + 3. Calculate b(p).
9
Let j(i) be the third derivative of i**5/24 + i**4/24 + 7*i**3/3 - 13*i**2. Let r(w) be the first derivative of j(w). Calculate r(-4).
-19
Let y = 37 + -27. Suppose 10 - y = -5*q. Let l(t) = t**3 + 2. What is l(q)?
2
Let o(v) = -3*v**3 - 11*v + 22. Let p(m) = -2*m**3 - 4*m**2 - 2*m + 1. Let w(q) = -o(q) + 2*p(q). What is w(-9)?
-2
Suppose 3*n - 6 - 1 = t, -3*n + 23 = -5*t. Let g(l) = -l**3 - 5*l**2 - 3*l - 1. Determine g(t).
-5
Let v(x) = 2*x**2 - x + 7. Suppose 4*c + 3 = t, -5*t = 5*c - 0*c - 15. What is v(c)?
7
Suppose -4*i = 4, 0 = -4*v - 0*i - 4*i - 28. Let j be (v/12)/(1/(-14)). Let d(c) = c**3 - 7*c**2 + 3. What is d(j)?
3
Let q(f) = 3*f**3 - 4*f**2. Let m(w) = w**3 + 6*w**2 + 22*w + 88. Let x be m(-5). Give q(x).
45
Let m(d) = -29 + 0*d + 2*d + 20 + 0*d. Determine m(-6).
-21
Suppose -3*f + 26 = -5*f + w, w + 40 = -4*f. Let t(y) = -y**3 - 11*y**2 + 4*y + 10. What is t(f)?
-34
Let d(o) = -1 + 2*o**3 - 4*o**3 - o + 0. Suppose -10*t + 1 = 11. Give d(t).
2
Let f(h) = -h**3 - 6*h**2 - 5*h + 2. Let s = 2 + -9. Let q = -18 - s. Let g = q + 6. What is f(g)?
2
Let x(s) = -2*s + 6. Let m(q) = -q**2 - 8*q - q + 15*q - 3. Let f be m(2). Suppose -5*k - g - 22 = -2*g, f*k = -5*g - 40. Give x(k).
16
Let g(o) = 2*o**2 + 13*o + 42. Let m(u) = u**2 + 6*u + 19. Let q(p) = 4*g(p) - 9*m(p). Determine q(2).
-11
Let b = -8 - -35. Let a = 27 - b. Let y(x) = x**2 - x - 8. Calculate y(a).
-8
Let t(o) be the first derivative of -1/12*o**4 - o + 5 - 1/3*o**3 + 3/2*o**2. Let